 multiple of 16?
True
Does 65 divide 7525?
False
Is 5 a factor of 3570?
True
Is 12 a factor of 731?
False
Is 70005 a multiple of 300?
False
Is 15 a factor of 343?
False
Does 27 divide 842?
False
Is 3089 a multiple of 22?
False
Does 153 divide 15995?
False
Is 12455 a multiple of 64?
False
Does 17 divide 12114?
False
Does 25 divide 150?
True
Is 192 a multiple of 8?
True
Is 15 a factor of 114478?
False
Is 61 a factor of 15479?
False
Is 155 a factor of 53992?
False
Is 8970 a multiple of 5?
True
Is 5254 a multiple of 71?
True
Is 80283 a multiple of 396?
False
Is 20 a factor of 725?
False
Is 4880 a multiple of 19?
False
Is 109478 a multiple of 100?
False
Is 2790 a multiple of 62?
True
Does 60 divide 86280?
True
Does 81 divide 6635?
False
Does 7 divide 27086?
False
Is 31 a factor of 1426?
True
Is 4636 a multiple of 19?
True
Is 4140 a multiple of 54?
False
Is 14 a factor of 210?
True
Does 22 divide 20086?
True
Is 21 a factor of 48148?
False
Is 133 a factor of 13526?
False
Is 11669 even?
False
Is 13 a factor of 30277?
True
Is 91 a factor of 637?
True
Is 12 a factor of 696?
True
Does 171 divide 15561?
True
Is 6 a factor of 11015?
False
Is 19 a factor of 874?
True
Is 551 a multiple of 29?
True
Is 24 a factor of 1677?
False
Does 9 divide 2790?
True
Does 143 divide 13156?
True
Is 45394 a multiple of 119?
False
Is 9 a factor of 12322?
False
Is 17412 a multiple of 3?
True
Is 500 even?
True
Is 18 a factor of 738?
True
Is 19 a factor of 13166?
False
Does 14 divide 11606?
True
Does 2 divide 117?
False
Does 19 divide 334?
False
Is 6482 a multiple of 6?
False
Is 18388 a multiple of 67?
False
Does 17 divide 18?
False
Is 98 a multiple of 14?
True
Does 10 divide 47674?
False
Is 802 a multiple of 3?
False
Is 174 a multiple of 78?
False
Is 16896 a multiple of 66?
True
Does 111 divide 11702?
False
Is 198 a multiple of 6?
True
Is 28 a factor of 1904?
True
Is 16626 a multiple of 102?
True
Does 36 divide 29160?
True
Does 17 divide 1496?
True
Does 46 divide 377?
False
Does 7 divide 6112?
False
Is 27 a factor of 1485?
True
Is 7 a factor of 595?
True
Is 2484 a multiple of 27?
True
Is 22 a factor of 170?
False
Does 39 divide 6876?
False
Does 3 divide 332?
False
Does 10 divide 14339?
False
Is 276 a multiple of 12?
True
Does 120 divide 35760?
True
Does 20 divide 19286?
False
Does 3 divide 480?
True
Is 3120 a multiple of 52?
True
Is 20984 a multiple of 27?
False
Does 12 divide 735?
False
Is 7636 a multiple of 92?
True
Does 5 divide 145?
True
Does 11 divide 2971?
False
Is 12 a factor of 15426?
False
Is 7 a factor of 130?
False
Is 1305 a multiple of 19?
False
Does 10 divide 1710?
True
Does 28 divide 45214?
False
Is 21 a factor of 437?
False
Is 18 a factor of 162?
True
Is 30157 a multiple of 27?
False
Is 156258 a multiple of 18?
True
Is 14805 a multiple of 47?
True
Is 84 a multiple of 28?
True
Is 298 a factor of 31909?
False
Is 80 a multiple of 80?
True
Is 917 a multiple of 8?
False
Is 7314 a multiple of 106?
True
Does 23 divide 16403?
False
Is 3640 a multiple of 10?
True
Is 565 a multiple of 30?
False
Does 34 divide 843?
False
Is 45 a factor of 1260?
True
Is 180 a multiple of 15?
True
Does 13 divide 643?
False
Is 19222 a multiple of 12?
False
Does 11 divide 5681?
False
Does 88 divide 4488?
True
Does 53 divide 153965?
True
Is 90 a multiple of 5?
True
Does 6 divide 546?
True
Is 106848 a multiple of 224?
True
Is 1315 a multiple of 23?
False
Does 3 divide 472?
False
Is 36 a factor of 51132?
False
Is 15 a factor of 12630?
True
Does 19 divide 209?
True
Does 25 divide 3578?
False
Does 16 divide 22576?
True
Is 65 a factor of 2860?
True
Does 22 divide 15752?
True
Is 232 a multiple of 29?
True
Is 19 a factor of 817?
True
Is 1260 a multiple of 12?
True
Does 13 divide 223?
False
Does 24 divide 191?
False
Does 56 divide 26320?
True
Is 24984 a multiple of 44?
False
Is 1143 a multiple of 9?
True
Is 10 a factor of 30292?
False
Is 464 a multiple of 12?
False
Does 57 divide 7651?
False
Is 80 a factor of 8720?
True
Does 50 divide 700?
True
Is 37318 a multiple of 20?
False
Does 46 divide 783?
False
Does 39 divide 1951?
False
Does 14 divide 28?
True
Does 126 divide 4343?
False
Does 23 divide 185?
False
Is 393 a multiple of 61?
False
Is 220 a multiple of 11?
True
Does 170 divide 30940?
True
Does 28 divide 1364?
False
Is 4 a factor of 264?
True
Is 2976 a multiple of 8?
True
Is 18975 a multiple of 69?
True
Is 57 a factor of 3178?
False
Is 632 a multiple of 4?
True
Is 26 a factor of 4836?
True
Does 47 divide 24915?
False
Is 9 a factor of 3276?
True
Is 45 a multiple of 13?
False
Is 76 a factor of 6454?
False
Is 2 a factor of 718?
True
Does 25 divide 471?
False
Is 56 a factor of 37826?
False
Does 4 divide 2040?
True
Does 15 divide 90?
True
Does 7 divide 5369?
True
Is 476 a multiple of 5?
False
Is 1124 a multiple of 13?
False
Does 32 divide 380?
False
Is 6021 a multiple of 8?
False
Does 53 divide 17073?
False
Is 90240 a multiple of 16?
True
Is 122 a factor of 8980?
False
Is 279 a factor of 106581?
False
Is 4254 a multiple of 19?
False
Does 7 divide 8148?
True
Is 61353 a multiple of 12?
False
Does 7 divide 947?
False
Is 6 a factor of 714?
True
Is 14 a factor of 10836?
True
Is 5383 a multiple of 18?
False
Is 720 a multiple of 17?
False
Is 6 a multiple of 3?
True
Does 65 divide 16835?
True
Does 11 divide 49709?
True
Does 35 divide 70?
True
Is 2916 a multiple of 27?
True
Is 317 a multiple of 98?
False
Is 469 a multiple of 4?
False
Does 20 divide 560?
True
Does 7 divide 168?
True
Is 1553 a multiple of 3?
False
Is 1107 a multiple of 7?
False
Is 7 a factor of 343?
True
Is 19 a factor of 552?
False
Is 157 a multiple of 115?
False
Does 16 divide 1689?
False
Does 84 divide 6804?
True
Is 581 a multiple of 83?
True
Is 3328 a multiple of 20?
False
Does 19 divide 1501?
True
Is 838 a multiple of 25?
False
Is 20 a factor of 780?
True
Does 41 divide 31485?
False
Does 28 divide 196?
True
Does 9 divide 513?
True
Is 152 a factor of 405?
False
Does 65 divide 390?
True
Does 126 divide 14238?
True
Does 5 divide 913?
False
Does 4 divide 151?
False
Does 55 divide 1210?
True
Is 5706 a multiple of 52?
False
Does 8 divide 50072?
True
Is 15 a factor of 10545?
True
Is 19 a factor of 703?
True
Is 1552 a multiple of 13?
False
Is 34 a factor of 4621?
False
Does 23 divide 1955?
True
Does 43 divide 51471?
True
Is 25517 a multiple of 19?
True
Is 49068 a multiple of 141?
True
Is 1803 a multiple of 34?
False
Is 4 a factor of 72?
True
Is 259 a multiple of 37?
True
Does 19 divide 1406?
True
Is 6552 a multiple of 78?
True
Does 39 divide 78?
True
Does 42 divide 523?
False
Is 3948 a multiple of 141?
True
Does 307 divide 18712?
False
Is 62196 a multiple of 219?
True
Does 12 divide 343?
False
Does 11 divide 1106?
False
Does 20 divide 17740?
True
Is 11 a factor of 6834?
False
Is 66 a factor of 5426?
False
Is 81 a factor of 12717?
True
Is 38730 a multiple of 30?
True
Is 2069 a multiple of 23?
False
Does 29 divide 896?
False
Does 231 divide 2541?
True
Does 73 divide 876?
True
Does 13 divide 182?
True
Is 33356 a multiple of 124?
True
Is 8 a factor of 528?
True
Is 55 a factor of 23575?
False
Is 6552 a multiple of 94?
False
Is 206 a multiple of 7?
False
Does 39 divide 273?
True
Is 100 a factor of 10800?
True
Does 21 divide 848?
False
Does 11 divide 1694?
True
Is 11718 a multiple of 14?
True
Does 16 divide 1472?
True
Does 22 divide 714?
False
Is 2808 a multiple of 24?
True
Is 60 a factor of 6601?
False
Does 32 divide 4096?
True
Is 14 a factor of 9289?
False
Is 9194 a multiple of 32?
False
Is 94 a factor of 126394?
False
Is 3367 a multiple of 37?
True
Is 15 a multiple of 3?
True
Is 212 even?
True
Does 131 divide 115018?
True
Is 9 a factor of 44659?
False
Is 102 a factor of 1390?
False
Does 3 divide 346?
False
Is 10151 a multiple of 29?
False
Is 39 a factor of 772?
False
Is 350 a multiple of 10?
True
Does 5 divide 875?
True
Is 438 a multiple of 8?
False
Is 148 a factor of 14123?
False
Is 86 a factor of 34976?
False
Is 231 a factor of 9933?
True
Is 22 a factor of 1430?
True
Does 10 divide 13940?
True
Is 15936 a multiple of 24?
True
Is 5280 a multiple of 120?
True
Is 4249 a multiple of 73?
False
Is 3 a factor of 165?
True
Does 30 divide 120?
True
Does 4 divide 3730?
False
Is 17 a factor of 3689?
True
Does 27 divide 297?
True
Does 3 divide 41?
False
Is 4194 a